11*q = 0. Suppose -173*m + 191*m - 3276 = q. What is the hundreds digit of m?
1
Let d(q) be the second derivative of -q**4/6 + 7*q**2 + 15*q. Let k be d(0). Suppose 7*i + k - 70 = 0. What is the units digit of i?
8
Let c(m) = -11*m - 17. Let x be c(-2). Suppose -5*t - 4*r = -7*r - 809, -x*t + 788 = 4*r. What is the tens digit of t?
6
Let m = 1563 - 165. What is the units digit of m?
8
Let r be 5/((-14)/(-12)*258/602). Suppose 0 = -o - 3*c + 20, -5*c - 4 = -4*o + 42. Suppose -2*d + r = -o. What is the units digit of d?
2
Let u = -67 + 202. Let h = u - 70. Let m = h + 27. What is the units digit of m?
2
Suppose -3*u + 237237 = 74*u. What is the hundreds digit of u?
0
Let m(s) = -s**3 + 3*s + 4. Let l be m(0). Suppose -h + 2*i - 7 = l*i, -2 = 4*h - 5*i. What is the hundreds digit of 2*h/6 + 153 + -3?
1
Let j = -262 - -205. What is the units digit of (-9 - -7)/(6/j)?
9
Let n = -232 + 34. Let m = 8 - n. What is the units digit of m?
6
Let m be (-17 - -22 - (-2 - 355))/(-2). Let g = m + 962. What is the tens digit of g?
8
Let b = -209 + 315. Suppose -110*h + b*h = -976. What is the units digit of h?
4
Let f = -67 - -69. Let h = 63 - f. What is the tens digit of h?
6
Suppose -y = 4 - 16. Let i(c) = -c**3 - 10*c**2 + 7*c - 38. Let u be i(-11). Suppose -y = -d - u. What is the units digit of d?
6
Let c(b) = -b**2 + 15*b + 219. Let v be c(24). Suppose 0 = v*q - 2861 + 77. What is the units digit of q?
8
Let p(c) be the second derivative of -c**3 + 3/2*c**2 - 10*c + 0 + 19/12*c**4. What is the units digit of p(2)?
7
Let x(y) be the second derivative of y**5/20 + y**3/3 + 6*y**2 - 2*y - 49. What is the units digit of x(4)?
4
Suppose 147 = 17*y - 23. Suppose -12*l + 5*x = -y*l - 1876, -3*x - 940 = -l. What is the units digit of l?
8
Let h = 3126 + -1638. What is the units digit of (12/16)/(3*4/h)?
3
Let t(x) = 447*x**2 + 2*x - 45. What is the units digit of t(4)?
5
Let h = 2138 - -6285. What is the units digit of h?
3
Let j(q) = q**3 - 8*q**2 + 49. Let b be j(8). Let x = 716 + b. What is the tens digit of x?
6
Let a be (1267 - 25) + 0 + 0. Let m = -638 + a. What is the tens digit of m?
0
Let v(n) = -n - 6. Let i be v(-6). Suppose 3*u - 3*q + 174 = i, 4*u + 7*q + 214 = 2*q. Let g = 120 + u. What is the units digit of g?
4
Suppose 88*h + 20 = 92*h. Suppose 122 = 2*b - 3*d, 0 = 4*b - h*d - 73 - 171. Let i = 116 - b. What is the units digit of i?
5
Let g(f) = -500*f + 3*f**3 - 4*f**3 + 3*f**3 + 25 - 3*f**3 + 494*f + 18*f**2. What is the hundreds digit of g(13)?
7
Suppose 522 + 481 = s. Suppose 0 = 5*i - s - 982. What is the hundreds digit of i?
3
Let u = -325 - -348. Suppose 4*v = -u + 2119. What is the hundreds digit of v?
5
Suppose 775852 = 30*w + 124*w. What is the units digit of w?
8
Let b(h) = -h**2 + 7*h - 7. Let i be b(2). Let t(c) = -16*c**2 - 9*c. Let q be t(i). Let p = q + 278. What is the units digit of p?
7
Suppose 4*h + 59 = -5*b, -4*b = -3*h + 4*h + 56. What is the hundreds digit of (3429/(-15))/(3/b)?
1
Suppose 3*q + 9 = 3*w, -4*w + 8*w = 2*q + 12. Suppose -5*x = 5*j - 225, 8*j - 5*j - 5*x - 143 = q. Suppose 19 = -3*p + j. What is the units digit of p?
9
Let d = 6 + -3. Suppose 0 = -5*b - 5, -5*b + 3 = d*a - 16. What is the tens digit of ((-80)/a)/((-25)/(-13) + -2)?
3
Suppose 5*g + g - 54 = 0. Let s(l) = -19*l - 19. Let k be s(g). Let a = k + 314. What is the tens digit of a?
2
Let d = -318 - -524. Let g be (4/(-6))/(30/(-3915)). Let y = d - g. What is the hundreds digit of y?
1
Let n = -60 + 57. What is the tens digit of ((-1488)/(-28))/(n + (-44)/(-14))?
7
Suppose -3*v + 3 = -2*v, v + 4842 = 3*m. Let k = -1064 + m. What is the hundreds digit of k?
5
Let l be (-9 - -10)/((-3)/(-6) - 0). Suppose 0 = 4*y + 8*g - 5*g + 126, l*g = -4*y - 124. Let f = 58 + y. What is the units digit of f?
8
Let f be 8 + -11 - (-10)/(-2). Let l(c) = 2*c**2 + 10*c - 24. What is the units digit of l(f)?
4
Let c = -3865 - -10912. What is the units digit of c?
7
Let z(h) = -h**2 - 8*h - 10. Let s be z(-5). Suppose -s*i = 97 + 23. What is the tens digit of (-3 - 2277/i) + 2/16?
9
Let c = -105 - -111. Suppose -3*u = -c*u. Suppose u = -x + 2*i + 191, -3*x - 2*i + 585 = -5*i. What is the hundreds digit of x?
1
Let m = -307 + 310. What is the hundreds digit of (-45 - m)/8 + 548?
5
Let k(n) = 833*n + 136. What is the hundreds digit of k(2)?
8
Suppose 854*p - 855*p = -3021. What is the thousands digit of p?
3
Let o(t) = 108*t**2 + 5*t. Let f(a) = a**3 + 4*a**2 + 5*a + 4. Let x be f(-3). What is the units digit of o(x)?
2
Let p be (-6)/4 + (1 - (-6)/12). Let n(l) = -3*l - 11. Let u be n(p). Let x(c) = 2*c**3 + 24*c**2 + 4*c - 12. What is the tens digit of x(u)?
8
Let t(i) = 27*i**2 + 39*i + 125. What is the ten thousands digit of t(20)?
1
Suppose -3*o = 6, 10*t + 4*o = 5*t - 988. What is the units digit of ((-12)/7)/(2/t)?
8
What is the hundreds digit of 314836470/7217 - 5/(-7)?
6
Suppose 0 = 5*a - 5*j - 87965, 4*a - 2*a = -5*j + 35165. What is the tens digit of a?
9
Suppose -4*u + 3*y = -75, 5*u + 5*y = 46 + 74. Let k = u + 242. What is the hundreds digit of k?
2
Suppose -2*j - 3*m = -7*m - 113824, 5*m - 170813 = -3*j. What is the ten thousands digit of j?
5
What is the thousands digit of (102/(-85))/((-2)/8600) + -1?
5
Suppose 0 = 4*r - 8*r - 24. Let s be (-1397)/66 + (-1)/r. Let w = s + 32. What is the tens digit of w?
1
Let m(w) be the third derivative of w**5/10 + w**4/4 + w**3 + 220*w**2. Let g(r) = r**3 - 3*r**2 - 6*r + 4. Let h be g(4). What is the tens digit of m(h)?
7
Suppose 17 = 4*y + a - 35, -5*a - 39 = -3*y. Suppose 0 = -y*z + 8*z + 1005. What is the units digit of z?
1
Let w(p) = -10*p - 5*p + 2 - p + 15*p. Let z be w(0). Suppose 791 = 5*d - 2*g, -z*g - 2*g = -4*d + 640. What is the units digit of d?
7
What is the units digit of (-1439456)/(-22) + (-34)/(-187) - (1 - 2)?
1
Suppose -217 = -11*q + 3. What is the units digit of (-657)/(-4) + 15/q?
5
Let z be 152/16 + -10 + 8718/4. Let r = 3192 - z. What is the units digit of r?
3
Let b be 33/(-88) - (-57)/24. Suppose 3*o + b*m - 727 = 2*o, 0 = -m + 5. What is the units digit of o?
7
Suppose -2*n = -5*z - 113 + 323, 0 = 2*z + 5*n - 113. Suppose -z*w = -40*w - 40. Suppose 5*u = 90 - w. What is the units digit of u?
6
Suppose 14*j + 47 = 2*a + 15*j, -2*a = 5*j - 27. Suppose -21*m - 5490 = -a*m. What is the units digit of m?
8
Let b(r) = 650*r**2 + 38*r + 143. What is the ten thousands digit of b(-4)?
1
Let d(a) = 6*a + 18. Let i(m) = m**3 - 14*m**2 + 17*m + 5. Let g be i(13). Let k = -46 + g. What is the tens digit of d(k)?
8
Let i(o) = 55 + 22 + 34 + o**2 + 26*o. What is the hundreds digit of i(-42)?
7
Suppose 5*h - b = 23385, 5*b = -2*h + 11867 - 2486. Suppose -7*x + 4009 = -h. What is the units digit of x?
1
Suppose 10015 = 25*y + 1265. What is the hundreds digit of y?
3
Let p(r) = -5*r - 5 + r + 3*r**2 + 15*r**2. Suppose -13 = 3*y - 7. What is the units digit of p(y)?
5
Suppose 0 = 3*x + j - 83, 2*x + 2*x = -4*j + 124. Suppose -30 = x*v - 186. What is the units digit of v?
6
Let v = -8 + 17. Suppose v*f = 6*f + 279. Suppose -f - 96 = -9*m. What is the tens digit of m?
2
Let f = -58 + 60. Suppose 2*u - p = -1090, -6*u - 2176 = -f*u - 4*p. What is the tens digit of -1 - (-10)/2 - u/3?
8
Suppose -d + 158 = 4*p - 2*p, 0 = 2*p - d - 154. Suppose 3*z = -6, 0 = -4*g + 3*z + 1356 + p. What is the tens digit of g?
5
Let r(g) = 11*g**2 - 14*g + 41. Let f(t) = -t**2 - t - 2. Let u(m) = 18*f(m) + 2*r(m). What is the units digit of u(19)?
6
Suppose -49568 - 1927120 = -371*z. What is the hundreds digit of z?
3
Let r(p) = 73*p - 55. Let n = 532 - 524. What is the units digit of r(n)?
9
Let s = -14 - -26. Suppose s*x - x = 8558. What is the tens digit of x?
7
Let j = -712 + 2062. Let p = -887 + j. What is the units digit of p?
3
What is the tens digit of ((-1563219)/(-324))/((-4)/(-16))?
9
Let q be 8/(-3)*(-3)/2. Suppose z + 19 = 5*k + 1, -2*k + q = -2*z. What is the units digit of (4/z*-1)/(1*-1)?
2
Suppose -5*i - 13871 - 21642 = -4*x, -i = -3. What is the hundreds digit of x?
8
Suppose -22*m = -20*m - 10, -4*c - m = -5. Suppose c = -8*r + 7*r + 156. What is the tens digit of r?
5
Suppose -5*z = -5*p + 70950, z - 36090 = -3*p + 6484. What is the units digit of p?
1
Let u(m) = m**3 - 13*m**2 - 3*m + 34. Let k be u(13). What i